{"version":"1.0","provider_name":"DEV RNV","provider_url":"https:\/\/stage3.rnv.gob.ve\/wp","author_name":"Claudimar Perche","author_url":"https:\/\/stage3.rnv.gob.ve\/wp\/author\/claudimar_perche\/","title":"Defensor del Pueblo dar\u00e1 a conocer memoria y cuenta ante la AN - DEV RNV","type":"rich","width":600,"height":338,"html":"<blockquote class=\"wp-embedded-content\" data-secret=\"WU8FF8LGLU\"><a href=\"https:\/\/stage3.rnv.gob.ve\/wp\/pueblo\/\">Defensor del Pueblo dar\u00e1 a conocer memoria y cuenta ante la AN<\/a><\/blockquote><iframe sandbox=\"allow-scripts\" security=\"restricted\" src=\"https:\/\/stage3.rnv.gob.ve\/wp\/pueblo\/embed\/#?secret=WU8FF8LGLU\" width=\"600\" height=\"338\" title=\"&#171;Defensor del Pueblo dar\u00e1 a conocer memoria y cuenta ante la AN&#187; &#8212; DEV RNV\" data-secret=\"WU8FF8LGLU\" frameborder=\"0\" marginwidth=\"0\" marginheight=\"0\" scrolling=\"no\" class=\"wp-embedded-content\"><\/iframe><script>\n\/*! This file is auto-generated *\/\n!function(d,l){\"use strict\";l.querySelector&&d.addEventListener&&\"undefined\"!=typeof URL&&(d.wp=d.wp||{},d.wp.receiveEmbedMessage||(d.wp.receiveEmbedMessage=function(e){var t=e.data;if((t||t.secret||t.message||t.value)&&!\/[^a-zA-Z0-9]\/.test(t.secret)){for(var s,r,n,a=l.querySelectorAll('iframe[data-secret=\"'+t.secret+'\"]'),o=l.querySelectorAll('blockquote[data-secret=\"'+t.secret+'\"]'),c=new RegExp(\"^https?:$\",\"i\"),i=0;i<o.length;i++)o[i].style.display=\"none\";for(i=0;i<a.length;i++)s=a[i],e.source===s.contentWindow&&(s.removeAttribute(\"style\"),\"height\"===t.message?(1e3<(r=parseInt(t.value,10))?r=1e3:~~r<200&&(r=200),s.height=r):\"link\"===t.message&&(r=new URL(s.getAttribute(\"src\")),n=new URL(t.value),c.test(n.protocol))&&n.host===r.host&&l.activeElement===s&&(d.top.location.href=t.value))}},d.addEventListener(\"message\",d.wp.receiveEmbedMessage,!1),l.addEventListener(\"DOMContentLoaded\",function(){for(var e,t,s=l.querySelectorAll(\"iframe.wp-embedded-content\"),r=0;r<s.length;r++)(t=(e=s[r]).getAttribute(\"data-secret\"))||(t=Math.random().toString(36).substring(2,12),e.src+=\"#?secret=\"+t,e.setAttribute(\"data-secret\",t)),e.contentWindow.postMessage({message:\"ready\",secret:t},\"*\")},!1)))}(window,document);\n\/\/# sourceURL=https:\/\/stage3.rnv.gob.ve\/wp\/wp-includes\/js\/wp-embed.min.js\n<\/script>\n","thumbnail_url":"https:\/\/stage3.rnv.gob.ve\/wp\/wp-content\/uploads\/2022\/05\/Asamblea-Nacional-de-Venezuela-16-1024x576-1-1.jpg","thumbnail_width":800,"thumbnail_height":445,"description":"El defensor del Pueblo, Alfredo Ruiz, presentar\u00e1 este martes, ante la plenaria de la Asamblea Nacional (AN), su informe de gesti\u00f3n correspondiente al a\u00f1o 2021. Su comparecencia se dar\u00e1 en la sesi\u00f3n ordinaria a efectuarse en horas de la tarde, en el Hemiciclo Protocolar de la AN, en el Palacio Federal Legislativo, en Caracas, rese\u00f1a [&hellip;]"}

Defensor del Pueblo dará a conocer memoria y cuenta ante la AN - DEV RNV

<blockquote class="wp-embedded-content" data-secret="WU8FF8LGLU"><a href="https://stage3.rnv.gob.ve/wp/pueblo/">Defensor del Pueblo dará a conocer memoria y cuenta ante la AN</a></blockquote><iframe sandbox="allow-scripts" security="restricted" src="https://stage3.rnv.gob.ve/wp/pueblo/embed/#?secret=WU8FF8LGLU" width="600" height="338" title="&#171;Defensor del Pueblo dará a conocer memoria y cuenta ante la AN&#187; &#8212; DEV RNV" data-secret="WU8FF8LGLU" frameborder="0" marginwidth="0" marginheight="0" scrolling="no" class="wp-embedded-content"></iframe><script>
/*! This file is auto-generated */
!function(d,l){"use strict";l.querySelector&&d.addEventListener&&"undefined"!=typeof URL&&(d.wp=d.wp||{},d.wp.receiveEmbedMessage||(d.wp.receiveEmbedMessage=function(e){var t=e.data;if((t||t.secret||t.message||t.value)&&!/[^a-zA-Z0-9]/.test(t.secret)){for(var s,r,n,a=l.querySelectorAll('iframe[data-secret="'+t.secret+'"]'),o=l.querySelectorAll('blockquote[data-secret="'+t.secret+'"]'),c=new RegExp("^https?:$","i"),i=0;i<o.length;i++)o[i].style.display="none";for(i=0;i<a.length;i++)s=a[i],e.source===s.contentWindow&&(s.removeAttribute("style"),"height"===t.message?(1e3<(r=parseInt(t.value,10))?r=1e3:~~r<200&&(r=200),s.height=r):"link"===t.message&&(r=new URL(s.getAttribute("src")),n=new URL(t.value),c.test(n.protocol))&&n.host===r.host&&l.activeElement===s&&(d.top.location.href=t.value))}},d.addEventListener("message",d.wp.receiveEmbedMessage,!1),l.addEventListener("DOMContentLoaded",function(){for(var e,t,s=l.querySelectorAll("iframe.wp-embedded-content"),r=0;r<s.length;r++)(t=(e=s[r]).getAttribute("data-secret"))||(t=Math.random().toString(36).substring(2,12),e.src+="#?secret="+t,e.setAttribute("data-secret",t)),e.contentWindow.postMessage({message:"ready",secret:t},"*")},!1)))}(window,document);
//# sourceURL=https://stage3.rnv.gob.ve/wp/wp-includes/js/wp-embed.min.js
</script>

El defensor del Pueblo, Alfredo Ruiz, presentará este martes, ante la plenaria de la Asamblea Nacional (AN), su informe de gestión correspondiente al año 2021. Su comparecencia se dará en la sesión ordinaria a efectuarse en horas de la tarde, en el Hemiciclo Protocolar de la AN, en el Palacio Federal Legislativo, en Caracas, reseña [&hellip;]
