{"version":"1.0","provider_name":"DEV RNV","provider_url":"https:\/\/stage3.rnv.gob.ve\/wp","author_name":"Greicy Far\u00edas","author_url":"https:\/\/stage3.rnv.gob.ve\/wp\/author\/greicy_farias\/","title":"Jefe de Estado instruye realizar taller para uso correcto de RRSS en defensa del pa\u00eds - DEV RNV","type":"rich","width":600,"height":338,"html":"<blockquote class=\"wp-embedded-content\" data-secret=\"1izccHTkLW\"><a href=\"https:\/\/stage3.rnv.gob.ve\/wp\/378229\/\">Jefe de Estado instruye realizar taller para uso correcto de RRSS en defensa del pa\u00eds<\/a><\/blockquote><iframe sandbox=\"allow-scripts\" security=\"restricted\" src=\"https:\/\/stage3.rnv.gob.ve\/wp\/378229\/embed\/#?secret=1izccHTkLW\" width=\"600\" height=\"338\" title=\"&#171;Jefe de Estado instruye realizar taller para uso correcto de RRSS en defensa del pa\u00eds&#187; &#8212; DEV RNV\" data-secret=\"1izccHTkLW\" frameborder=\"0\" marginwidth=\"0\" marginheight=\"0\" scrolling=\"no\" class=\"wp-embedded-content\"><\/iframe><script>\n\/*! This file is auto-generated *\/\n!function(d,l){\"use strict\";l.querySelector&&d.addEventListener&&\"undefined\"!=typeof URL&&(d.wp=d.wp||{},d.wp.receiveEmbedMessage||(d.wp.receiveEmbedMessage=function(e){var t=e.data;if((t||t.secret||t.message||t.value)&&!\/[^a-zA-Z0-9]\/.test(t.secret)){for(var s,r,n,a=l.querySelectorAll('iframe[data-secret=\"'+t.secret+'\"]'),o=l.querySelectorAll('blockquote[data-secret=\"'+t.secret+'\"]'),c=new RegExp(\"^https?:$\",\"i\"),i=0;i<o.length;i++)o[i].style.display=\"none\";for(i=0;i<a.length;i++)s=a[i],e.source===s.contentWindow&&(s.removeAttribute(\"style\"),\"height\"===t.message?(1e3<(r=parseInt(t.value,10))?r=1e3:~~r<200&&(r=200),s.height=r):\"link\"===t.message&&(r=new URL(s.getAttribute(\"src\")),n=new URL(t.value),c.test(n.protocol))&&n.host===r.host&&l.activeElement===s&&(d.top.location.href=t.value))}},d.addEventListener(\"message\",d.wp.receiveEmbedMessage,!1),l.addEventListener(\"DOMContentLoaded\",function(){for(var e,t,s=l.querySelectorAll(\"iframe.wp-embedded-content\"),r=0;r<s.length;r++)(t=(e=s[r]).getAttribute(\"data-secret\"))||(t=Math.random().toString(36).substring(2,12),e.src+=\"#?secret=\"+t,e.setAttribute(\"data-secret\",t)),e.contentWindow.postMessage({message:\"ready\",secret:t},\"*\")},!1)))}(window,document);\n\/\/# sourceURL=https:\/\/stage3.rnv.gob.ve\/wp\/wp-includes\/js\/wp-embed.min.js\n<\/script>\n","thumbnail_url":"https:\/\/stage3.rnv.gob.ve\/wp\/wp-content\/uploads\/2024\/05\/maduro-47-b.jpg","thumbnail_width":800,"thumbnail_height":445,"description":"El presidente constitucional de la Rep\u00fablica Bolivariana de Venezuela,\u00a0Nicol\u00e1s Maduro Moros, anunci\u00f3 que este domingo 2 de junio, se realizar\u00e1 un\u00a0Taller Nacional sobre el uso correcto de Redes Sociales (RRSS) para defender la verdad de Venezuela, con el prop\u00f3sito de formar profesionalmente a millones de las nuevas generaciones en esta tarea de combatir la censura [&hellip;]"}

Greicy Farías

Jefe de Estado instruye realizar taller para uso correcto de RRSS en defensa del país - DEV RNV

<blockquote class="wp-embedded-content" data-secret="1izccHTkLW"><a href="https://stage3.rnv.gob.ve/wp/378229/">Jefe de Estado instruye realizar taller para uso correcto de RRSS en defensa del país</a></blockquote><iframe sandbox="allow-scripts" security="restricted" src="https://stage3.rnv.gob.ve/wp/378229/embed/#?secret=1izccHTkLW" width="600" height="338" title="&#171;Jefe de Estado instruye realizar taller para uso correcto de RRSS en defensa del país&#187; &#8212; DEV RNV" data-secret="1izccHTkLW" frameborder="0" marginwidth="0" marginheight="0" scrolling="no" class="wp-embedded-content"></iframe><script>
/*! This file is auto-generated */
!function(d,l){"use strict";l.querySelector&&d.addEventListener&&"undefined"!=typeof URL&&(d.wp=d.wp||{},d.wp.receiveEmbedMessage||(d.wp.receiveEmbedMessage=function(e){var t=e.data;if((t||t.secret||t.message||t.value)&&!/[^a-zA-Z0-9]/.test(t.secret)){for(var s,r,n,a=l.querySelectorAll('iframe[data-secret="'+t.secret+'"]'),o=l.querySelectorAll('blockquote[data-secret="'+t.secret+'"]'),c=new RegExp("^https?:$","i"),i=0;i<o.length;i++)o[i].style.display="none";for(i=0;i<a.length;i++)s=a[i],e.source===s.contentWindow&&(s.removeAttribute("style"),"height"===t.message?(1e3<(r=parseInt(t.value,10))?r=1e3:~~r<200&&(r=200),s.height=r):"link"===t.message&&(r=new URL(s.getAttribute("src")),n=new URL(t.value),c.test(n.protocol))&&n.host===r.host&&l.activeElement===s&&(d.top.location.href=t.value))}},d.addEventListener("message",d.wp.receiveEmbedMessage,!1),l.addEventListener("DOMContentLoaded",function(){for(var e,t,s=l.querySelectorAll("iframe.wp-embedded-content"),r=0;r<s.length;r++)(t=(e=s[r]).getAttribute("data-secret"))||(t=Math.random().toString(36).substring(2,12),e.src+="#?secret="+t,e.setAttribute("data-secret",t)),e.contentWindow.postMessage({message:"ready",secret:t},"*")},!1)))}(window,document);
//# sourceURL=https://stage3.rnv.gob.ve/wp/wp-includes/js/wp-embed.min.js
</script>

El presidente constitucional de la República Bolivariana de Venezuela, Nicolás Maduro Moros, anunció que este domingo 2 de junio, se realizará un Taller Nacional sobre el uso correcto de Redes Sociales (RRSS) para defender la verdad de Venezuela, con el propósito de formar profesionalmente a millones de las nuevas generaciones en esta tarea de combatir la censura [&hellip;]
